893 a composite number?
False
Is 62048171 a composite number?
False
Is 1917118261 a composite number?
True
Is 313479379 composite?
False
Is 1028034649 a prime number?
False
Is 3446155079 composite?
True
Is 352530839 prime?
False
Is 6914641333 a prime number?
True
Is 370176691 a composite number?
True
Is 1848910403 composite?
False
Is 133780481 a prime number?
True
Is 219640501 a composite number?
True
Is 910373291 a prime number?
False
Is 1363203043 prime?
False
Is 89350145569 composite?
True
Is 144277626761 prime?
True
Is 6092821289 a prime number?
True
Is 19364052287 prime?
False
Is 19050343567 composite?
False
Is 1997768131 a prime number?
True
Is 14257402319 a composite number?
False
Is 745443593 composite?
True
Is 4457472167 a composite number?
False
Is 1546254249 a composite number?
True
Is 6239622671 prime?
False
Is 3683901409 a prime number?
True
Is 17595152719 composite?
True
Is 731807273 a prime number?
False
Is 256610069 prime?
False
Is 8583381265 composite?
True
Is 1537048241 composite?
True
Is 16749199651 prime?
True
Is 33809203007 prime?
True
Is 387889433 a composite number?
False
Is 643566269 composite?
True
Is 11311783033 a prime number?
False
Is 1330025269 a prime number?
True
Is 758709149 composite?
True
Is 493477471 composite?
True
Is 4385189 a composite number?
True
Is 5931328763 prime?
False
Is 290201803 a composite number?
False
Is 3948929597 a composite number?
True
Is 73462242619 a prime number?
False
Is 1960656707 composite?
True
Is 59443478761 prime?
True
Is 1630848647 composite?
True
Is 12674414581 a composite number?
False
Is 712046323 a composite number?
False
Is 21899759169 composite?
True
Is 7447067471 a composite number?
True
Is 3523398233 a prime number?
True
Is 947668891 prime?
False
Is 13488017657 a prime number?
True
Is 94484150929 a composite number?
True
Is 48527933947 a composite number?
False
Is 1872069139 a prime number?
False
Is 798210667 composite?
True
Is 5604825027 prime?
False
Is 63339021101 a prime number?
True
Is 5310842921 prime?
True
Is 43601720741 composite?
True
Is 1795951265 composite?
True
Is 5999164739 prime?
True
Is 11767642637 a prime number?
True
Is 11083925497 a composite number?
False
Is 1050060439 composite?
False
Is 617620583 a composite number?
False
Is 18205222703 composite?
True
Is 37166657939 prime?
False
Is 86460720949 prime?
True
Is 5217264463 composite?
True
Is 17726299817 a composite number?
False
Is 8799610987 prime?
True
Is 2206459691 a composite number?
True
Is 5782498377 prime?
False
Is 70969901489 a prime number?
True
Is 9702308221 a composite number?
True
Is 595156951 prime?
False
Is 30061949419 a prime number?
True
Is 16524788473 prime?
True
Is 3117790441 composite?
True
Is 47298057013 prime?
True
Is 199823497 prime?
True
Is 29053026379 a prime number?
False
Is 27039219013 composite?
False
Is 5017696003 prime?
False
Is 23570563 a composite number?
False
Is 154068743711 a prime number?
True
Is 1284583757 composite?
False
Is 1258658803 composite?
True
Is 174200305057 a prime number?
True
Is 3748145683 composite?
False
Is 15580551737 composite?
True
Is 34576314787 composite?
True
Is 13046489 a composite number?
False
Is 56407117321 prime?
True
Is 495963659 prime?
False
Is 2747058485 a composite number?
True
Is 334737283 composite?
False
Is 5536688923 a prime number?
True
Is 1531392151 composite?
False
Is 35512618483 composite?
False
Is 120012029849 prime?
True
Is 29865808261 composite?
False
Is 9240702671 prime?
True
Is 1779633133 a composite number?
True
Is 1173150863 a composite number?
True
Is 45659161055 prime?
False
Is 10088376119 composite?
False
Is 561572749 prime?
True
Is 43140982387 composite?
False
Is 7247418517 prime?
True
Is 119822000897 composite?
False
Is 1659255599 a composite number?
True
Is 6218562403 a prime number?
False
Is 22745425169 composite?
True
Is 1026114389 a composite number?
False
Is 90455681893 a composite number?
False
Is 658651331 composite?
True
Is 24087827597 a prime number?
True
Is 70133420471 a prime number?
False
Is 6928135397 a composite number?
True
Is 3336277367 a prime number?
True
Is 4323552943 a prime number?
False
Is 2319777913 composite?
False
Is 758926081 composite?
False
Is 598938517 prime?
True
Is 1646880373 prime?
False
Is 909803357 a composite number?
False
Is 495065411 prime?
False
Is 7642214285 composite?
True
Is 4027314089 a composite number?
False
Is 70438237 composite?
True
Is 36414067177 prime?
True
Is 9841071553 composite?
False
Is 240915647 prime?
False
Is 6300378239 a prime number?
True
Is 103209019 composite?
True
Is 640710262 composite?
True
Is 20115037337 a composite number?
False
Is 184436669 prime?
True
Is 27012723911 a prime number?
False
Is 9129370313 prime?
False
Is 6758576581 prime?
True
Is 546217327 composite?
True
Is 15918714769 prime?
False
Is 4170523349 prime?
False
Is 364615913 composite?
False
Is 87418007077 prime?
True
Is 251652521 a prime number?
False
Is 8109398357 composite?
False
Is 67505293 a composite number?
False
Is 1157620267 composite?
True
Is 1978702241 prime?
False
Is 5333613617 a prime number?
False
Is 35658797 a prime number?
False
Is 73844796743 a composite number?
True
Is 1083033011 a prime number?
False
Is 43330167899 a prime number?
False
Is 2433909001 prime?
True
Is 697683391 composite?
False
Is 668048131 composite?
True
Is 19523532757 composite?
False
Is 4029278797 a prime number?
True
Is 14338472327 a composite number?
False
Is 13978919303 a prime number?
True
Is 1801142111 composite?
False
Is 52999346027 a prime number?
True
Is 1331861131 a prime number?
False
Is 743564491 composite?
False
Is 2925869897 a prime number?
False
Is 89760263 composite?
True
Is 1740105179 a composite number?
False
Is 4225266781 a composite number?
False
Is 195313962379 a composite number?
False
Is 8528373521 a prime number?
False
Is 9872142977 composite?
False
Is 691759795 prime?
False
Is 22032949469 prime?
True
Is 236023633 composite?
True
Is 818557253 prime?
False
Is 530519439 a composite number?
True
Is 3396061549 composite?
True
Is 2992102783 a prime number?
False
Is 2177638247 a prime number?
True
Is 2332686569 a composite number?
True
Is 7253241679 a composite number?
False
Is 16336714267 composite?
True
Is 38969248489 a prime number?
False
Is 28395446537 composite?
True
Is 9815562727 a prime number?
False
Is 73480021837 a prime number?
True
Is 130836699011 a composite number?
False
Is 266743156877 a prime number?
True
Is 7543815847 prime?
True
Is 43562763511 composite?
True
Is 85741224169 a composite number?
True
Is 2026517907 a prime number?
False
Is 8504373623 a prime number?
False
Is 9022034737 prime?
False
Is 9566265269 a composite number?
True
Is 6600506051 prime?
False
Is 205832863 a composite number?
False
Is 368705371 composite?
False
Is 143676897047 composite?
False
Is 2545353637 a composite number?
False
Is 5196274267 a composite number?
False
Is 6336022639 composite?
True
Is 1235674163 prime?
False
Is 1509061247 a composite number?
False
Is 91499724817 a prime number?
True
Is 484843439 a composite number?
False
Is 3519185599 a prime number?
False
Is 3176435551 composite?
False
Is 48967591 a prime number?
False
Is 686483977 a composite number?
True
Is 12308536087 a composite number?
False
Is 6956774953 prime?
True
Is 10034508259 a prime number?
True
Is 556289849 prime?
True
Is 2229457687 a composite number?
False
Is 22886981113 a composite number?
False
Is 46685478877 a prime number?
False
Is 44895943291 prime?
True
Is 13236920029 composite?
True
Is 537366001 a prime number?
False
Is 3535402349 prime?
True
Is 949199969 prime?
True
Is 49903298 composite?
True
Is 101759311 a prime number?
False
Is 560783458 a composite number?
True
Is 180573121 prime?
True
Is 8736881239 a prime number?
True
Is 1757379517 composite?
False
Is 146967253 a composite number?
False
Is 70873780931 a composite number?
False
Is 7291061219 composite?
True
Is 5412943807 composite?
False
Is 568616117 composite?
True
Is 12745596035 composite?
True
Is 8997270665 composite?
True
Is 29236312279 a prime number?
True
Is 7120061381 prime?
True
Is 37814639507 a prime number?
True
Is 4753031369 composite?
True
Is 14998576091 a prime number?
False
Is 19827890779 prime?
False
Is 800585727 a prime number?
False
Is 2059